{"id":294,"date":"2022-06-23T12:35:05","date_gmt":"2022-06-23T10:35:05","guid":{"rendered":"https:\/\/savonnerie-odouxsavons.fr\/?page_id=294"},"modified":"2022-06-24T16:57:04","modified_gmt":"2022-06-24T14:57:04","slug":"cgv","status":"publish","type":"page","link":"https:\/\/savonnerie-odouxsavons.fr\/?page_id=294","title":{"rendered":"CGV"},"content":{"rendered":"\n<h2 class=\"wp-block-heading\"><strong>Conditions g\u00e9n\u00e9rales de ventes<\/strong><\/h2>\n\n\n\n<p><strong>PREAMBULE<\/strong><br>Les pr\u00e9sentes conditions g\u00e9n\u00e9rales de ventes s\u2019appliquent entre,&nbsp;<br>d\u2019une part l&rsquo;EIRL ODOUX Anne propri\u00e9taire du site de vente en ligne : www.savonnerie-odouxsavons.fr et,&nbsp;<br>d\u2019autre part les personnes physiques non commer\u00e7antes souhaitant effectuer un achat sur le site de www.savonnerie-odouxsavons.fr ci-apr\u00e8s d\u00e9nomm\u00e9es le \u00ab Client \u00bb.<br><br>\u00ab ODOUX Anne \u00bb et le \u00ab Client \u00bb sont collectivement appel\u00e9s \u00ab les Parties \u00bb.<br>Les Parties conviennent que les conditions g\u00e9n\u00e9rales de vente applicables sont celles mises \u00e0 la disposition du Client sur le site www.savonnerie-odouxsavons.fr lors de la passation de la commande.<\/p>\n\n\n\n<p>Si une condition venait \u00e0 faire d\u00e9faut, elle serait alors r\u00e9gie par les usages en vigueur dans le secteur de la vente \u00e0 distance en France.<\/p>\n\n\n\n<p>ODOUX Anne se r\u00e9serve le droit de modifier les pr\u00e9sentes conditions g\u00e9n\u00e9rales de vente selon l\u2019\u00e9volution de la loi et de la jurisprudence en vigueur en France. N\u00e9anmoins les conditions g\u00e9n\u00e9rales de ventes seront celles appliqu\u00e9es au moment de la commande.<\/p>\n\n\n\n<p><strong>OBJET<\/strong>&nbsp;<br>Les pr\u00e9sentes conditions g\u00e9n\u00e9rales de vente d\u00e9finissent les relations contractuelles entre les parties et notamment la passation de la commande, le paiement, la confirmation de la commande et la livraison.<\/p>\n\n\n\n<p>L\u2019entreprise<\/p>\n\n\n\n<p>Si\u00e8ge social :<br>EIRL ODOUX Anne<br>16 rue de Bretagne<br>14160 DIVES SUR MER<br>France&nbsp;<br>N\u00b0 de TVA IC : FR03907577878<br>Registre de la Chambre des M\u00e9tiers de Caen<\/p>\n\n\n\n<p><strong>LA COMMANDE<\/strong>&nbsp;<br>L\u2019utilisateur a la possibilit\u00e9 de passer sa commande \u00e0 partir du catalogue en ligne.<br><br>Il pourra choisir ses articles directement \u00e0 chaque page et indiquer la quantit\u00e9 souhait\u00e9e. Sa commande est accessible via le panier en haut de la page. La commande fait l\u2019objet d\u2019un r\u00e9capitulatif qui reprend les \u00e9l\u00e9ments sp\u00e9cifiques aux produits objet de la commande.&nbsp;<\/p>\n\n\n\n<p>Le client peut une fois le panier affich\u00e9 soit :&nbsp;<br>\u2013 valider sa commande en choisissant son mode de paiement;<br>\u2013 changer la quantit\u00e9 d\u2019un article;<br>\u2013 supprimer un article, en mettant \u00e0 jour la commande ;&nbsp;<br>\u2013 effacer dans sa totalit\u00e9 la commande.<\/p>\n\n\n\n<p>Le Client devra fournir une adresse de livraison valide \u2013 dans le cas o\u00f9 l\u2019adresse fournie n\u2019aurait pas permis la bonne livraison de la commande en entra\u00eenant le retour de celle-ci, la r\u00e9exp\u00e9dition du colis serait \u00e0 la charge du Client.<br><br>La validation de la commande vaut acceptation sans r\u00e9serve des conditions particuli\u00e8res de vente sp\u00e9cifique \u00e0 chacun des produits objets de la commande (d\u00e9nomination, prix, couleur, poids, quantit\u00e9, particularit\u00e9 des produits).<br>Le client reconna\u00eet avoir pris connaissance et accepter le montant forfaitaire aff\u00e9rent aux frais de livraison.<br>Il est \u00e9galement stipul\u00e9 que le contrat de vente n\u2019est form\u00e9 qu\u2019\u00e0 partir de la validation du paiement int\u00e9gral de la commande aupr\u00e8s de notre banque. Une fois le paiement valid\u00e9, ODOUX Anne enverra la confirmation de la commande par courrier \u00e9lectronique \u00e0 l\u2019adresse communiqu\u00e9e par le Client.<br><br>Dans l\u2019hypoth\u00e8se o\u00f9 un produit n\u2019est plus disponible \u00e0 la vente, ODOUX Anne s\u2019engage \u00e0 avertir imm\u00e9diatement par courrier \u00e9lectronique le Client qui aura la possibilit\u00e9 de demander dans un d\u00e9lai de 7 jours, la substitution du produit par un autre de son choix de prix \u00e9quivalent ou bien de se faire rembourser le montant du prix du produit manquant.<br><br>Le Client s\u2019interdit de revendre les produits. Toute commande pass\u00e9e par un Client est pour un usage personnel ou pour l\u2019usage personnel de la personne au nom de laquelle la livraison doit \u00eatre effectu\u00e9e.&nbsp;Les professionnels souhaitant devenir revendeurs sont invit\u00e9s \u00e0 contacter l&rsquo;entreprise.<br>Le client est seul responsable du paiement effectif des produits achet\u00e9s et des coordonn\u00e9es transmises pour la livraison.<\/p>\n\n\n\n<p><strong>LA LIVRAISON<\/strong><br>Toutes les commandes pass\u00e9es seront trait\u00e9es dans les 2 jours ouvr\u00e9s pour \u00eatre envoy\u00e9es au plus tard 7 jours ouvr\u00e9s apr\u00e8s la commande.<br>Sauf pendant les jours de fermetures de la savonnerie, stipul\u00e9es sur la page d&rsquo;accueil du site, o\u00f9 les commandes seront trait\u00e9es d\u00e8s la r\u00e9-ouverture.<\/p>\n\n\n\n<p>Le colis est envoy\u00e9 \u00e0 l\u2019adresse de livraison fournie par le Client \u2013 dans le cas o\u00f9 l\u2019adresse fournie n\u2019aurait pas permis la bonne livraison de la commande en entra\u00eenant le retour de celle-ci, la r\u00e9exp\u00e9dition du colis serait \u00e0 la charge du Client.<\/p>\n\n\n\n<p><strong>Pour la France, les produits seront envoy\u00e9s par Colissimo ou Mondial Relay.<\/strong><br><strong>Le Client se fera livrer \u00e0 l\u2019adresse enregistr\u00e9e au moment de la commande.<\/strong><\/p>\n\n\n\n<p>ODOUX Anne ne pourra \u00eatre tenu responsable des \u00e9ventuels probl\u00e8mes de livraison, perte ou d\u00e9t\u00e9rioration de colis et qui seraient la responsabilit\u00e9 de La Poste ou Mondial Relay.&nbsp;<br>A r\u00e9ception de sa commande, le Client devra v\u00e9rifier son contenu et signaler dans un d\u00e9lai de 5 jours via le formulaire de contact toute erreur ou article manquant ; ODOUX Anne proc\u00e9dera alors \u00e0 une v\u00e9rification.<\/p>\n\n\n\n<p><strong>LES MODALITES DE PAIEMENT<\/strong><\/p>\n\n\n\n<p>Le client pourra r\u00e9gler ses achats par les moyens suivants :&nbsp;<br>\u2013 Carte bancaire (via interface bancaire en ligne ou module Paypal)<br>\u2013 Virement<br><br>Si le r\u00e8glement s\u2019effectue par Paypal, le Client devra entrer ses coordonn\u00e9es et ses informations de carte bancaire sur le site s\u00e9curis\u00e9 Paypal. Si le Client poss\u00e8de d\u00e9j\u00e0 un compte Paypal, il pourra payer directement avec son compte Paypal. Il recevra alors une confirmation de sa commande par courrier \u00e9lectronique.<br><br>Il n\u2019est pas propos\u00e9 de r\u00e8glement \u00e0 la livraison (contre-remboursement).<br><br>Les Clients garantissent qu\u2019ils sont pleinement habilit\u00e9s \u00e0 utiliser&nbsp;une carte bancaire celle-ci donne acc\u00e8s \u00e0 des fonds suffisants pour couvrir tous les co\u00fbts li\u00e9s \u00e0 une passation de commande sur le site www.savonnerie-odouxsavons.fr.  Seules les personnes juridiquement capables de souscrire des contrats concernant les biens et les services propos\u00e9s sur le site peuvent commander sur le site www.savonnerie-odouxsavons.fr.<\/p>\n\n\n\n<p><strong>TARIFICATION<\/strong><br>Les prix affich\u00e9s sur le site sont en EUROS.<\/p>\n\n\n\n<p>L&rsquo;EIRL Odoux Savons \u00e9tant en franchise de TVA, les prix s&rsquo;entendent NET, \u00ab\u00a0TVA non applicable, article 293B du CGI\u00a0\u00bb. <\/p>\n\n\n\n<p>Le prix des articles est celui mentionn\u00e9 sur le site.<\/p>\n\n\n\n<p>Il est major\u00e9 du montant des frais de livraison qui appara\u00eetra \u00e0 la suite de la commande ; ce montant est fonction du montant de la commande et du pays de livraison.<\/p>\n\n\n\n<p><strong>FRAIS DE PORT<\/strong><br><strong>Les frais de port sont forfaitaires et comprennent le transport, l\u2019emballage et la pr\u00e9paration.<\/strong><\/p>\n\n\n\n<p><strong>DROIT DE RETRACTATION<\/strong><\/p>\n\n\n\n<p>Conform\u00e9ment \u00e0 l\u2019article L 121-20 du code de la consommation, le Client dispose d\u2019un d\u00e9lai de quatorze (14) jours francs \u00e0 partir de la r\u00e9ception de sa commande pour exercer son droit de r\u00e9tractation. En cas d\u2019utilisation de ce droit, le Client devra retourner \u00e0 ses frais, son achat intact, dans son emballage d\u2019origine, emballage non ouvert pour les savons.<br>Le retour devra se faire de pr\u00e9f\u00e9rence en Colissimo suivi ; en cas de perte du colis, ODOUX Anne ne saurait \u00eatre tenu responsable.<br><br>ODOUX Anne remboursera le Client au plus tard dans les 14 jours qui suivent la date de r\u00e9tractation, par d\u00e9faut par le m\u00eame moyen de paiement que celui choisi lors de la commande (ou tout autre mode de remboursement si cela est pr\u00e9cis\u00e9 dans le colis retour).<br><br>Conform\u00e9ment \u00e0 l\u2019article L 121-20-2 du code de la consommation le droit de r\u00e9tractation ne peut \u00eatre exerc\u00e9 pour toute fourniture de biens confectionn\u00e9s selon les sp\u00e9cifications du Client ou nettement personnalis\u00e9s. En cons\u00e9quence, le Client ne pourra exercer son droit de r\u00e9tractation pour toute commande de produits r\u00e9alis\u00e9e \u00e0 la demande dudit Client.<\/p>\n\n\n\n<p><strong>Retour Articles hors d\u00e9lai de r\u00e9tractation<\/strong><\/p>\n\n\n\n<p>Au-del\u00e0 du d\u00e9lai de r\u00e9tractation de 14 jours, si vous souhaitez retourner des articles, vous disposez d\u2019un d\u00e9lai de 30 jours \u00e0 compter de la r\u00e9ception de votre colis pour nous retourner une partie de votre commande.<\/p>\n\n\n\n<p>Les articles auront d\u00fb \u00eatre conserv\u00e9s dans leur emballage d\u2019origine, ne pas avoir \u00e9t\u00e9 entam\u00e9s ou ne pas avoir servi. Le Client devra renvoyer les articles \u00e0 ses frais et pourra demander un avoir ou un remboursement du montant des articles retourn\u00e9s.&nbsp;<br>Pas d\u2019\u00e9change possible.<\/p>\n\n\n\n<p><strong>Retour Articles suite \u00e0 une erreur de notre part<\/strong><\/p>\n\n\n\n<p>Si cela devait arriver, merci de\u00a0<a href=\"https:\/\/savonnerie-odouxsavons.fr\/?page_id=14\">nous contacter<\/a>, nous vous enverrons par e-mail un bon retour Colissimo \u00e0 imprimer et \u00e0 coller sur le colis de retour des articles \u2013 vous n\u2019aurez rien \u00e0 r\u00e9gler et nous vous renverrons les Articles conformes \u00e0 votre commande.<\/p>\n\n\n\n<p>Attention, vous devez nous faire part de toute erreur dans les 5 jours suivant la r\u00e9ception de votre colis.<\/p>\n\n\n\n<p><br><br><strong>RESPONSABILITE<\/strong>&nbsp;<br>ODOUX Anne n\u2019est pas responsable des erreurs d\u2019informations transmises par le Client lors de sa commande.<br>Les produits vendus sur le site www.savonnerie-odouxsavons.fr sont pr\u00e9sent\u00e9s avec la plus grande pr\u00e9cision possible. Cependant, les Parties conviennent que les r\u00e9seaux mondiaux constituant l\u2019Internet \u00e9tant complexes, ayant des capacit\u00e9s de transmissions in\u00e9gales, ainsi que des politiques d\u2019utilisations propres, nul ne saurait garantir le bon fonctionnement de l\u2019Internet dans son ensemble. En cons\u00e9quence, ODOUX Anne ne saurait, notamment, \u00eatre responsable des d\u00e9faillances techniques dues au tiers susceptibles d\u2019alt\u00e9rer la qualit\u00e9 des couleurs, textes, sons, images et les conditions d\u2019accessibilit\u00e9 au site www.savonnerie-odouxsavons.fr.&nbsp;<br><br>ODOUX Anne met tout en \u0153uvre pour faciliter l\u2019acc\u00e8s des internautes \u00e0 son site de vente en ligne, pour s\u00e9curiser les pages et les informations de son site, sp\u00e9cialement les donn\u00e9es financi\u00e8res. Toutefois, ODOUX Anne ne peut \u00eatre tenu responsable par ses Clients et\/ou tout internaute qui souhaite acc\u00e9der \u00e0 son site des risques li\u00e9s \u00e0 l\u2019utilisation et \u00e0 la navigation sur Internet et notamment d\u2019attaques virales (virus, ver, cheval de troie), de phishing (adressage d\u2019un mail \u00e0 un internaute l\u2019invitant \u00e0 se connecter \u00e0 un site copie parfaite d\u2019un site connu ou non de l\u2019internaute et \u00e0 lui r\u00e9clamer des informations confidentielles) et de tout autre forme, d\u2019intrusion ext\u00e9rieure, d\u2019escroquerie possible par l\u2019utilisation des r\u00e9seaux constituant Internet.<\/p>\n\n\n\n<p><strong>GARANTIES<\/strong><br>Les produits fabriqu\u00e9s par la savonnerie O&rsquo;Doux Savons sont fabriqu\u00e9s artisanalement, il n&rsquo;est donc pas possible de garantir la parfaite correspondance des couleurs, des dimensions et du poids des savons propos\u00e9s \u00e0 la vente.&nbsp;<br><br><strong>FORCE MAJEURE<\/strong><\/p>\n\n\n\n<p>ODOUX Anne ne pourra, en aucun cas, \u00eatre tenu pour responsable de l\u2019inex\u00e9cution, de la mauvaise ex\u00e9cution, ou des retards dans l\u2019ex\u00e9cution de ses obligations contractuelles, qui seraient dus \u00e0 la survenance :<br>\u2013 d\u2019un cas de force majeure reconnu par la loi ou les tribunaux fran\u00e7ais, c\u2019est \u00e0 dire d\u2019un ou plusieurs \u00e9v\u00e8nements impr\u00e9vus, irr\u00e9sistibles et ind\u00e9pendants de la volont\u00e9 de ODOUX Anne ;<br>\u2013 d\u2019un cas fortuit ; constituent conventionnellement des cas fortuits, et ce, de mani\u00e8re non-limitative, un arr\u00eat de fourniture d\u2019\u00e9nergie, une interruption du r\u00e9seau \u00e9lectrique ou de t\u00e9l\u00e9communication, une gr\u00e8ve du personnel d\u2019EDF, du data center ou des Parties au contrat, une restriction gouvernementale ou l\u00e9gale \u2026<\/p>\n\n\n\n<p>Dans l\u2019hypoth\u00e8se o\u00f9 la force majeure, ou le cas fortuit, aurait une dur\u00e9e d\u2019existence sup\u00e9rieure \u00e0 30 jours, le pr\u00e9sent contrat pourra \u00eatre r\u00e9sili\u00e9 par le Client, sans notification pr\u00e9alable et sans indemnit\u00e9s.<\/p>\n\n\n\n<p><strong>PROPRIETE INTELLECTUELLE<\/strong><\/p>\n\n\n\n<p>Le site www.savonnerie-odouxsavons.fr est la propri\u00e9t\u00e9 exclusive de l&rsquo;EIRL ODOUX Anne, et r\u00e9gie par la l\u00e9gislation fran\u00e7aise dont le si\u00e8ge social est situ\u00e9 16 rue de Bretagne 14160 DIVES SUR MER.<br>L\u2019architecture g\u00e9n\u00e9rale, le contenu, les images en direct et les images fixes, les sons, les proc\u00e9d\u00e9s, les produits ainsi que tous les autres \u00e9l\u00e9ments qui font partie du site Internet sont la propri\u00e9t\u00e9 exclusive de l&rsquo;EIRL ODOUX Anne et de ses fournisseurs.<br><br>Toute utilisation totale ou partielle, copie, reproduction, publication, t\u00e9l\u00e9chargement, affichage, transmission ou diffusion de ce site sans l\u2019autorisation de ODOUX Anne est interdite et sera consid\u00e9r\u00e9e comme une atteinte aux dispositions du Code Fran\u00e7ais de la Propri\u00e9t\u00e9 Intellectuelle, sous r\u00e9serve d\u2019\u00eatre express\u00e9ment autoris\u00e9 par la loi.<\/p>\n\n\n\n<p><strong>PREUVE<\/strong><br>ODOUX Anne vous confirmera syst\u00e9matiquement votre commande puis son exp\u00e9dition par email.&nbsp;<br>Pour tout r\u00e8glement par ch\u00e8que, l\u2019envoi du bon r\u00e9capitulant l\u2019ensemble de la commande sign\u00e9 manuellement par le Client aura valeur de preuve du contrat de vente.<br><br>Pour tout r\u00e8glement par carte bancaire, la validation du paiement par notre banque aura valeur de preuve du contrat de vente.<br>Pour tout montant sup\u00e9rieur \u00e0 cent vingt (120) euros, conform\u00e9ment \u00e0 l\u2019article L. 134-2 du code de la consommation, ODOUX Anne archivera la preuve de la passation \u00e9crite de la vente sur support papier ou \u00e9lectronique.<\/p>\n\n\n\n<p><strong>INTEGRALITE<\/strong><br>Toute clause consid\u00e9r\u00e9e comme nulle ou non avenue par un changement de loi ou de jurisprudence sera consid\u00e9r\u00e9e comme non \u00e9crite. Cela ne changera en rien la validit\u00e9 des autres clauses des conditions g\u00e9n\u00e9rales de vente ci-pr\u00e9sentes.<\/p>\n\n\n\n<p><strong>LOI APPLICABLE ET COMPETENCE<\/strong>&nbsp;<br>Les pr\u00e9sentes conditions sont soumises \u00e0 la loi fran\u00e7aise et particuli\u00e8rement \u00e0 la loi n\u00b02004-575 pour la confiance dans l\u2019\u00e9conomie num\u00e9rique.<br>Ces conditions g\u00e9n\u00e9rales de vente s\u2019appliquent pour l\u2019ensemble de la France ainsi que pour toute l\u2019Union Europ\u00e9enne dans la mesure du respect des sp\u00e9cificit\u00e9s des l\u00e9gislations en vigueur dans chacun des pays membres.<\/p>\n\n\n\n<p>Tout litige survenant entre les Parties, dans le cadre du pr\u00e9sent contrat, rel\u00e8vera, \u00e0 d\u00e9faut d\u2019accord amiable, de la comp\u00e9tence du Tribunal de Commerce du lieu du domicile du d\u00e9fendeur. Il sera fait application de la loi fran\u00e7aise.<\/p>\n\n\n\n<p><strong>INFORMATIQUE ET LIBERTES<\/strong><br>Les informations demand\u00e9es sur le site www.savonnerie-odouxsavons.fr sont n\u00e9cessaires \u00e0 l\u2019enregistrement et au suivi de votre commande.<\/p>\n\n\n\n<p>Afin de respecter votre vie priv\u00e9e, les informations que vous nous transmettez ne sont en aucun cas c\u00e9d\u00e9es, vendues, lou\u00e9es \u00e0 d\u2019autres entreprises ou organismes.<\/p>\n\n\n\n<p>Vous disposez d\u2019un droit de modification, d\u2019opposition et de rectification et de suppression des donn\u00e9es qui vous concernent. Vous pouvez exercer ce droit en vous \u00e9crivant aupr\u00e8s de EIRL ODOUX Anne 16 rue de Bretagne 14160 DIVES SUR MER.<\/p>\n","protected":false},"excerpt":{"rendered":"<p>Conditions g\u00e9n\u00e9rales de ventes PREAMBULELes pr\u00e9sentes conditions g\u00e9n\u00e9rales de ventes s\u2019appliquent entre,&nbsp;d\u2019une part l&rsquo;EIRL ODOUX Anne propri\u00e9taire du site de vente en ligne : www.savonnerie-odouxsavons.fr et,&nbsp;d\u2019autre part les personnes physiques non commer\u00e7antes souhaitant effectuer un achat sur le site de www.savonnerie-odouxsavons.fr ci-apr\u00e8s d\u00e9nomm\u00e9es le \u00ab Client \u00bb. \u00ab ODOUX Anne \u00bb et le \u00ab Client [&hellip;]<\/p>\n","protected":false},"author":1,"featured_media":0,"parent":0,"menu_order":0,"comment_status":"closed","ping_status":"closed","template":"","meta":{"ocean_post_layout":"","ocean_both_sidebars_style":"","ocean_both_sidebars_content_width":0,"ocean_both_sidebars_sidebars_width":0,"ocean_sidebar":"0","ocean_second_sidebar":"0","ocean_disable_margins":"enable","ocean_add_body_class":"","ocean_shortcode_before_top_bar":"","ocean_shortcode_after_top_bar":"","ocean_shortcode_before_header":"","ocean_shortcode_after_header":"","ocean_has_shortcode":"","ocean_shortcode_after_title":"","ocean_shortcode_before_footer_widgets":"","ocean_shortcode_after_footer_widgets":"","ocean_shortcode_before_footer_bottom":"","ocean_shortcode_after_footer_bottom":"","ocean_display_top_bar":"default","ocean_display_header":"default","ocean_header_style":"","ocean_center_header_left_menu":"0","ocean_custom_header_template":"0","ocean_custom_logo":0,"ocean_custom_retina_logo":0,"ocean_custom_logo_max_width":0,"ocean_custom_logo_tablet_max_width":0,"ocean_custom_logo_mobile_max_width":0,"ocean_custom_logo_max_height":0,"ocean_custom_logo_tablet_max_height":0,"ocean_custom_logo_mobile_max_height":0,"ocean_header_custom_menu":"0","ocean_menu_typo_font_family":"0","ocean_menu_typo_font_subset":"","ocean_menu_typo_font_size":0,"ocean_menu_typo_font_size_tablet":0,"ocean_menu_typo_font_size_mobile":0,"ocean_menu_typo_font_size_unit":"px","ocean_menu_typo_font_weight":"","ocean_menu_typo_font_weight_tablet":"","ocean_menu_typo_font_weight_mobile":"","ocean_menu_typo_transform":"","ocean_menu_typo_transform_tablet":"","ocean_menu_typo_transform_mobile":"","ocean_menu_typo_line_height":0,"ocean_menu_typo_line_height_tablet":0,"ocean_menu_typo_line_height_mobile":0,"ocean_menu_typo_line_height_unit":"","ocean_menu_typo_spacing":0,"ocean_menu_typo_spacing_tablet":0,"ocean_menu_typo_spacing_mobile":0,"ocean_menu_typo_spacing_unit":"","ocean_menu_link_color":"","ocean_menu_link_color_hover":"","ocean_menu_link_color_active":"","ocean_menu_link_background":"","ocean_menu_link_hover_background":"","ocean_menu_link_active_background":"","ocean_menu_social_links_bg":"","ocean_menu_social_hover_links_bg":"","ocean_menu_social_links_color":"","ocean_menu_social_hover_links_color":"","ocean_disable_title":"default","ocean_disable_heading":"default","ocean_post_title":"","ocean_post_subheading":"","ocean_post_title_style":"","ocean_post_title_background_color":"","ocean_post_title_background":0,"ocean_post_title_bg_image_position":"","ocean_post_title_bg_image_attachment":"","ocean_post_title_bg_image_repeat":"","ocean_post_title_bg_image_size":"","ocean_post_title_height":0,"ocean_post_title_bg_overlay":0.5,"ocean_post_title_bg_overlay_color":"","ocean_disable_breadcrumbs":"default","ocean_breadcrumbs_color":"","ocean_breadcrumbs_separator_color":"","ocean_breadcrumbs_links_color":"","ocean_breadcrumbs_links_hover_color":"","ocean_display_footer_widgets":"default","ocean_display_footer_bottom":"default","ocean_custom_footer_template":"0","footnotes":""},"class_list":["post-294","page","type-page","status-publish","hentry","entry","owp-thumbs-layout-horizontal","owp-btn-normal","owp-tabs-layout-horizontal","has-no-thumbnails","has-product-nav"],"jetpack_sharing_enabled":true,"_links":{"self":[{"href":"https:\/\/savonnerie-odouxsavons.fr\/index.php?rest_route=\/wp\/v2\/pages\/294","targetHints":{"allow":["GET"]}}],"collection":[{"href":"https:\/\/savonnerie-odouxsavons.fr\/index.php?rest_route=\/wp\/v2\/pages"}],"about":[{"href":"https:\/\/savonnerie-odouxsavons.fr\/index.php?rest_route=\/wp\/v2\/types\/page"}],"author":[{"embeddable":true,"href":"https:\/\/savonnerie-odouxsavons.fr\/index.php?rest_route=\/wp\/v2\/users\/1"}],"replies":[{"embeddable":true,"href":"https:\/\/savonnerie-odouxsavons.fr\/index.php?rest_route=%2Fwp%2Fv2%2Fcomments&post=294"}],"version-history":[{"count":6,"href":"https:\/\/savonnerie-odouxsavons.fr\/index.php?rest_route=\/wp\/v2\/pages\/294\/revisions"}],"predecessor-version":[{"id":378,"href":"https:\/\/savonnerie-odouxsavons.fr\/index.php?rest_route=\/wp\/v2\/pages\/294\/revisions\/378"}],"wp:attachment":[{"href":"https:\/\/savonnerie-odouxsavons.fr\/index.php?rest_route=%2Fwp%2Fv2%2Fmedia&parent=294"}],"curies":[{"name":"wp","href":"https:\/\/api.w.org\/{rel}","templated":true}]}}